uppose -4*g + 4*p + 36000 = 0, -3708 = c*g + p - 21723. Is g a composite number?
True
Suppose -6 - 29 = 5*f. Let b be ((-3)/(-1))/3*f*-11. Let s = 14 + b. Is s prime?
False
Suppose 24*k - 192 = 30*k. Is (k/(-4))/(4/2) + 1267 a prime number?
False
Suppose 15*z = 11*z + 16. Suppose -z*o = -1369 - 2219. Suppose 5*p - o = 2*v, -673 = -4*p + 5*v + 48. Is p prime?
True
Let p be (-12)/8*10/(-3). Let j be (-8)/196*-7 - (-7530)/7. Suppose p*q - j - 99 = 0. Is q composite?
True
Suppose -5*b + 43225 + 430 = 0. Suppose 4*q = 5*y + b, q = y - 712 + 2894. Is q a prime number?
True
Let t(q) = q**2 + 9*q - 52. Let d be t(-13). Suppose d = -2*o + 16*x - 13*x + 22523, o + 2*x = 11265. Is o a prime number?
False
Is (-1)/((-46823)/(-257587) + -6*7/231) prime?
True
Suppose 6*x = 14327 - 347. Let a = 4479 - x. Is a a composite number?
True
Let g(k) = -k**3 - 7*k**2 - 204*k + 29. Is g(-64) a composite number?
False
Let g be (-16)/(-4)*43/2*-1. Let c = g - -90. Is c/12*0 + (-5044)/(-4) prime?
False
Let n = -237752 - -407491. Is n prime?
False
Suppose 0 = -5*h - 30, -200*p + 3*h = -203*p + 1164279. Is p prime?
True
Suppose -1101787 = 183*w - 200*w. Is w composite?
False
Let j(r) = 250*r + 452*r + 590*r - 7. Is j(4) composite?
True
Let i(g) = 3*g**2 + 59*g - 128. Let a be i(27). Suppose 2*f = 4*f - 2*k - a, 2*k + 5475 = 3*f. Is f prime?
True
Let v = -91 + -80. Let y = -56 - v. Is y prime?
False
Suppose w + 17840 = -5*c, 4*c + c - 2*w = -17840. Let h = -961 + -488. Let f = h - c. Is f prime?
False
Let u be (184 - 3) + (5 - -4). Let f = u - -311. Is f a prime number?
False
Let b = 3029 + 1097. Is b composite?
True
Suppose 4*v + 33 = -v + 3*w, v - 5*w - 11 = 0. Let y(z) = -38*z + 41. Is y(v) composite?
False
Suppose -289577 - 83570 = -3*a - 4*i, -5*i = 10. Is a a composite number?
True
Let w = 46276 + 17826. Is w composite?
True
Let i(f) be the second derivative of 0 + f + 41/2*f**2 + 2/3*f**3 + 1/6*f**4. Is i(-6) prime?
True
Suppose 0 = -2*r - 17*r + 2713789. Is r prime?
False
Suppose 79 = 24*y - 113. Suppose -y*h + 59055 = 7*h. Is h a composite number?
True
Is (0 - (-4)/(-6))/(-6 + (-5524080)/(-920682)) a composite number?
True
Suppose -4*q - 8 = 0, p + 23000 - 117299 = 4*q. Is p composite?
False
Suppose 2*u = u - 5*k + 5, -2*k = -u - 2. Suppose -14*a + 11*a + 23367 = u. Is a prime?
True
Suppose -4*a - 114 - 2 = 0. Let k be 5 + -1 - (-25 - a). Suppose k = -w + 163 + 286. Is w composite?
False
Let l(f) = -f**2 - 8*f - 8. Suppose -42 = 5*b - 12. Let t be l(b). Is 68164/28 - t/(-7) composite?
True
Let r = 670 + -676. Suppose 4*t + 15 = -t. Is t/(-3 - r)*-3093 prime?
False
Let g(t) = -t**3 - 94*t**2 + 503*t + 25. Is g(-124) a prime number?
True
Let s = -102098 + 311757. Is s a composite number?
False
Let i = -193891 - -299462. Is i composite?
True
Let v(r) = -70*r + 27. Suppose -2*i - 4 - 2 = 0. Let y(t) = 71*t - 27. Let h(a) = i*v(a) - 2*y(a). Is h(7) a composite number?
False
Let p(a) = 2*a**2 + a - 27. Let r be p(-8). Suppose -124 = -s - 3*t, 0 = 5*t + 5 + 5. Let x = r + s. Is x a composite number?
False
Suppose 4*g = 24155 + 24953. Suppose -g - 16190 = -3*k. Is k prime?
False
Is 125244 + ((-25)/(-5))/((-9)/(-11 + 2)) prime?
False
Let c be -2 - -101 - (-6 + 8). Suppose 0 = 5*j - c - 463. Suppose -2*l - 3*y = -8*y - j, l = 5*y + 66. Is l prime?
False
Suppose -2*v + f - 27647 = 0, 0 = -3*v - f + 5*f - 41458. Let i = -8087 - v. Is i composite?
True
Let v = -580 + 577. Is 14/((-140)/30)*3037/v a prime number?
True
Let z be 30/(-20)*46520/(-3). Suppose -9*y + z = y. Is y/5*35/14 prime?
True
Suppose 3*b - 2*i = 2, 1 = -5*b + i - 2*i. Let f(v) = -17*v + 3481. Is f(b) a prime number?
False
Suppose 33805 = -2*d - 2*t + 5017, 5*d + 71978 = -t. Is 0/(3 - 1) + (-47 - d) composite?
True
Let b be (-1)/1 - (2 - (30024 - 2)). Suppose -74960 = -5*u + 5*m, -2*u - b = -4*u - 5*m. Suppose 0*w + i = 5*w - u, -9003 = -3*w + 3*i. Is w a prime number?
True
Let w = -28 - -62. Let l be (-1 + -58)*(3 - (w - 0)). Let u = l - 934. Is u composite?
True
Is (-294)/(-98)*51134/6 a prime number?
False
Let g be 6/(-30) + 11/5. Let a(u) = 32*u**2 - u + 13 + g*u**3 - 10 + 8. Is a(-14) a prime number?
True
Let c(z) = -24 - 2*z + 2653*z**2 + z + 985*z**2 + 25*z - 1. Is c(1) a prime number?
True
Suppose 9 = 3*j - 6. Suppose 5*r = z - j, 5*z - 10 - 15 = -5*r. Suppose -10*i + 12*i - 438 = r. Is i a prime number?
False
Suppose 0 = 5*d + 2*x + 1915 + 1421, -d - 657 = -3*x. Let b = d + -277. Let o = -350 - b. Is o a prime number?
True
Let c = 102864 - 31829. Is c a composite number?
True
Suppose -87*w = -27741774 - 25649343. Is w prime?
False
Let z(n) be the third derivative of -13*n**4/8 - 8*n**3/3 - 9*n**2 - 1. Is z(-13) prime?
True
Let k = 298 - 805. Let u = 1904 - k. Is u composite?
False
Is 420259/6 - (50/(-60))/(-5) a composite number?
True
Let t(p) = 1076*p + 10121. Is t(93) a composite number?
True
Let i = -189 - -151. Let f = i - -1383. Is f prime?
False
Let o be 4/((-8)/6)*8202/(-6). Let i = o - -10402. Is i a prime number?
True
Let o(n) = -n**3 - 8*n**2 + 7*n - 6. Let q(a) = 9*a**2 - 5 - 1 + a**3 - 2 + 13 - 8*a. Let h(g) = 4*o(g) + 5*q(g). Is h(-13) a composite number?
False
Let v = -135 - -208. Let b = -30 + v. Let l = b - -46. Is l a composite number?
False
Let u(g) be the first derivative of 81*g**3 + 11*g**2/2 - 13*g - 116. Is u(8) a composite number?
True
Suppose -127 = -9*z - 19. Suppose 0 = -3*h + z, 0 = 5*u + h - 5447 - 3562. Is u prime?
True
Let v be 3 + (429078 - (-7 - -11)). Is (-2)/14 + v/133 a prime number?
False
Let s(v) = -v + 6. Suppose 7*o = 4*o + 18. Let y be s(o). Suppose y = -m - 7 + 384. Is m prime?
False
Let h(c) = 28*c + 72. Let o be h(-2). Suppose -11*x = o*x - 296973. Is x composite?
True
Let y(w) = -14001*w - 4714. Is y(-13) a composite number?
True
Is (171 - 17)/14 - -28686 prime?
True
Suppose -6*j + 24*j = -108. Suppose a = 2*d - 6817, -a + 10238 = d + 2*d. Is (4/j)/(13638/d + -4) a composite number?
False
Let z(m) = 14*m**3 - 171*m**2 - 135*m - 201. Is z(37) a prime number?
False
Let s be 9 - (-1 + 8) - -2. Suppose -2*u - s*z = -3138, -7793 = 4*u - 9*u + 3*z. Is u a composite number?
True
Is (14/(-8) - -1) + (-3654478)/(-8) composite?
False
Let z = -58873 + 99450. Let a = z - 17440. Is a composite?
True
Suppose -3*p - 47127 + 596394 = 0. Is p a prime number?
True
Suppose c - 5*q - 15 = 0, 2 + 2 = -2*q. Let m(l) = -2552*l + 121. Let k(o) = -567*o + 27. Let n(g) = c*m(g) - 22*k(g). Is n(-6) a prime number?
False
Let q = -434 - -265. Let o = q - -266. Is o composite?
False
Let l be 4/16*(15 + -7). Suppose -3*x - 6792 = -4*q - l*x, -q = x - 1693. Let b = q + -952. Is b composite?
True
Let c(f) = -41787*f - 1793. Is c(-1) a prime number?
False
Let y(x) = -65*x + 24. Let q(t) be the second derivative of t**3/6 - 5*t**2/2 - 38*t. Let p be q(-8). Is y(p) a composite number?
True
Let o be (0 - -2 - 1)*(-195)/(-5). Let n = -36 + o. Suppose -1 = q, n*v + 4*q - 2453 = -354. Is v a composite number?
False
Let r(t) = -50*t + 153. Let f be r(-30). Let p = f - 950. Is p prime?
False
Is (-13 - -12)*(-369582 + -3 + 4) prime?
True
Let z be (-24)/4 - 0 - -997. Suppose 6*u + z = 9*u - 4*b, 2*u + b - 657 = 0. Is u composite?
True
Let i(l) = 26*l + 57. Let u be i(-2). Let p(q) = 44*q**3 - 3*q - 14. Is p(u) composite?
False
Suppose 2*r + 84*h - 85*h - 117 = 0, -5*h + 64 = r. Suppose 0 = -5*q + 446 + 1294. Let s = r + q. Is s prime?
False
Let k(o) = o**3 - 47*o**2 + 93*o + 1400. Is k(57) a composite number?
False
Suppose 5164 + 5201 = -5*g. Let t be (((-8)/12)/(1/g))/2. Let b = t - 396. Is b a prime number?
False
Let q(y) = 2*y**3 - 8*y**2 + 9*y - 7. Let l be q(4). Suppose 15*u + l*u - 710292 = 0. Is u prime?
False
Suppose -5*r = -2*j + j + 11, 4*j - 3*r - 10 = 0. Let u(v) be the first derivative of 85*v**3 - 2*v**2 + 2*v + 9. Is u(j) prime?
False
Is (-60)/4 + (186505 - 21) a prime number?
True
Let n(k) = -250*k - 147. Let l be n(-20). Let t = l + 2060. Is t a prime number?
False
Let a be (600/(-250))/((-6)/40). Suppose a*o - 10*o - 7566 = 0. Is o composite?
True
Is 0 + (9060/3 - 1) + 0 a composite number?
False
Suppose -3*x - 1 = 5*s - 11, 4*x = 5*s - 10. Suppose -5*j - 59677 = -s*l, 37*j = 2*l + 34*j - 59683. Is l prime?
False
Let w = 578395 + -217124. Is w a prime number?
True
Let g = -43 - -